s the highest common divisor of 7 and 1757?
7
What is the greatest common divisor of 636 and 948?
12
What is the greatest common factor of 824 and 200?
8
Calculate the greatest common factor of 759 and 69.
69
What is the greatest common divisor of 552 and 46?
46
Calculate the highest common factor of 37786 and 42.
14
What is the highest common factor of 1932 and 23?
23
Calculate the highest common divisor of 67 and 536.
67
Calculate the highest common factor of 590 and 59.
59
Calculate the highest common factor of 3569 and 129.
43
What is the greatest common divisor of 39 and 9191?
13
What is the greatest common factor of 112 and 2128?
112
What is the greatest common factor of 4 and 2510?
2
Calculate the greatest common divisor of 615 and 24231.
123
Calculate the highest common factor of 1807 and 13.
13
Calculate the highest common factor of 2728 and 341.
341
What is the greatest common factor of 19 and 22819?
19
What is the greatest common divisor of 4224 and 33?
33
Calculate the highest common divisor of 501 and 3.
3
Calculate the highest common divisor of 4 and 4442.
2
Calculate the greatest common factor of 572 and 110.
22
What is the greatest common divisor of 427 and 56?
7
Calculate the highest common factor of 319 and 87.
29
What is the highest common factor of 18 and 138?
6
What is the greatest common factor of 121 and 22?
11
What is the greatest common divisor of 65 and 26?
13
Calculate the highest common factor of 4 and 38.
2
What is the highest common divisor of 168 and 63?
21
What is the highest common factor of 323 and 153?
17
What is the highest common divisor of 2976 and 403?
31
Calculate the greatest common factor of 70 and 238.
14
What is the greatest common factor of 588 and 7?
7
Calculate the greatest common divisor of 5239 and 124.
31
What is the greatest common divisor of 153 and 477?
9
What is the highest common divisor of 159 and 1961?
53
Calculate the highest common divisor of 2 and 162.
2
Calculate the highest common divisor of 225 and 200.
25
Calculate the greatest common factor of 23 and 184.
23
What is the highest common factor of 192 and 448?
64
What is the greatest common divisor of 266 and 152?
38
Calculate the greatest common factor of 186 and 837.
93
What is the greatest common factor of 1243 and 33?
11
What is the highest common factor of 189 and 837?
27
What is the highest common factor of 42 and 357?
21
Calculate the greatest common factor of 3900 and 1092.
156
What is the greatest common factor of 1175 and 423?
47
What is the highest common divisor of 81 and 54?
27
What is the highest common factor of 72 and 84?
12
Calculate the greatest common factor of 515 and 5.
5
Calculate the greatest common factor of 209 and 57.
19
Calculate the greatest common divisor of 289 and 68.
17
What is the greatest common factor of 138 and 3726?
138
What is the highest common divisor of 23 and 391?
23
Calculate the greatest common factor of 151 and 2567.
151
What is the greatest common factor of 140 and 360?
20
What is the highest common divisor of 13 and 169?
13
What is the highest common divisor of 24 and 56?
8
Calculate the greatest common factor of 48 and 1146.
6
What is the greatest common factor of 4 and 1614?
2
What is the highest common divisor of 282 and 1222?
94
Calculate the highest common divisor of 22999 and 109.
109
Calculate the highest common divisor of 9271 and 127.
127
What is the greatest common divisor of 63 and 6804?
63
What is the highest common factor of 646 and 34?
34
Calculate the greatest common divisor of 5985 and 60.
15
Calculate the highest common divisor of 18 and 2844.
18
Calculate the greatest common divisor of 1197 and 57.
57
What is the greatest common divisor of 113 and 16837?
113
Calculate the highest common factor of 32 and 1744.
16
What is the greatest common factor of 253 and 11?
11
What is the highest common divisor of 2 and 491?
1
Calculate the highest common divisor of 1539 and 81.
81
What is the greatest common divisor of 792 and 9?
9
What is the greatest common factor of 7070 and 70?
70
What is the highest common divisor of 1886 and 46?
46
What is the greatest common factor of 357 and 51?
51
Calculate the greatest common divisor of 1131 and 6351.
87
What is the greatest common divisor of 275 and 22?
11
Calculate the greatest common factor of 14 and 2338.
14
Calculate the highest common divisor of 511 and 7.
7
Calculate the greatest common factor of 54 and 2322.
54
Calculate the greatest common divisor of 196 and 2450.
98
What is the highest common factor of 101 and 1?
1
What is the greatest common factor of 18 and 72?
18
What is the highest common divisor of 252 and 3843?
63
Calculate the highest common divisor of 20 and 3340.
20
What is the highest common divisor of 3582 and 108?
18
What is the greatest common factor of 384 and 56?
8
Calculate the greatest common divisor of 42 and 483.
21
What is the greatest common factor of 1278 and 18?
18
What is the highest common divisor of 180 and 640?
20
Calculate the highest common factor of 26 and 988.
26
What is the greatest common divisor of 11 and 99?
11
Calculate the greatest common factor of 336 and 528.
48
Calculate the highest common factor of 32 and 3840.
32
Calculate the highest common factor of 48 and 948.
12
Calculate the greatest common factor of 192 and 156.
12
What is the highest common divisor of 3591 and 297?
27
What is the greatest common factor of 185 and 629?
37
Calculate the highest common divisor of 50 and 180.
10
Calculate the highest common divisor of 12 and 37884.
12
What is the greatest common factor of 22 and 110?
22
Calculate the greatest common divisor of 710 and 20.
10
What is the greatest common divisor of 726 and 352?
22
Calculate the greatest common factor of 266 and 38.
38
Calculate the highest common factor of 826 and 14.
14
What is the highest common factor of 72 and 18?
18
Calculate the greatest common divisor of 22 and 23.
1
Calculate the highest common divisor of 21 and 434.
7
What is the highest common divisor of 1519 and 124?
31
What is the highest common factor of 655 and 7598?
131
What is the greatest common factor of 13 and 689?
13
Calculate the greatest common divisor of 73 and 584.
73
Calculate the greatest common factor of 144 and 128.
16
What is the greatest common factor of 8 and 27044?
4
What is the highest common divisor of 4810 and 130?
130
What is the greatest common divisor of 165 and 15?
15
Calculate the highest common divisor of 1414 and 231.
7
What is the highest common factor of 407 and 111?
37
Calculate the highest common divisor of 282 and 705.
141
What is the highest common factor of 2001 and 261?
87
What is the greatest common divisor of 700 and 196?
28
What is the greatest common divisor of 868 and 28?
28
What is the highest common divisor of 22236 and 153?
51
What is the highest common factor of 11 and 44143?
11
What is the highest common divisor of 37 and 1184?
37
Calculate the greatest common divisor of 104 and 13.
13
Calculate the greatest common divisor of 43 and 22532.
43
What is the greatest common divisor of 25 and 325?
25
Calculate the highest common divisor of 5043 and 369.
123
Calculate the highest common factor of 58864 and 8.
8
Calculate the greatest common divisor of 44 and 176.
44
What is the highest common factor of 395 and 237?
79
Calculate the greatest common divisor of 128 and 8.
8
What is the greatest common factor of 48683 and 89?
89
What is the greatest common divisor of 136 and 884?
68
Calculate the greatest common divisor of 20 and 220.
20
What is the greatest common divisor of 13 and 4615?
13
Calculate the greatest common factor of 126 and 2730.
42
Calculate the highest common factor of 5 and 1315.
5
What is the greatest common divisor of 57495 and 15?
15
What is the greatest common divisor of 7 and 119?
7
Calculate the greatest common factor of 296 and 481.
37
What is the highest common divisor of 23432 and 464?
232
Calculate the highest common divisor of 560 and 1360.
80
Calculate the greatest common divisor of 1494 and 117.
9
Calculate the highest common divisor of 24425 and 100.
25
Calculate the greatest common divisor of 71 and 1.
1
Calculate the highest common factor of 62 and 124.
62
Calculate the highest common divisor of 3 and 96.
3
What is